a multiple of 9?
False
Is 16 a factor of 5280?
True
Does 19 divide 102010?
False
Is 83058 a multiple of 254?
True
Is 45936 a multiple of 20?
False
Is 23610 a multiple of 30?
True
Does 252 divide 97020?
True
Is 2553 a multiple of 130?
False
Is 46375 a multiple of 53?
True
Does 51 divide 255?
True
Is 29240 a multiple of 17?
True
Does 140 divide 9819?
False
Is 77 a multiple of 13?
False
Is 210 a multiple of 7?
True
Is 902 a multiple of 19?
False
Is 23484 a multiple of 19?
True
Is 6 a factor of 8484?
True
Does 141 divide 10883?
False
Is 28840 a multiple of 35?
True
Is 3996 a multiple of 148?
True
Does 149 divide 14602?
True
Is 14 a factor of 3007?
False
Does 17 divide 8549?
False
Is 10 a factor of 1450?
True
Does 30 divide 53790?
True
Is 19090 a multiple of 45?
False
Does 6 divide 7551?
False
Is 9 a factor of 206?
False
Is 31 a factor of 2015?
True
Is 4838 a multiple of 82?
True
Does 45 divide 40545?
True
Is 2932 a multiple of 17?
False
Is 112702 a multiple of 160?
False
Is 16 a factor of 11189?
False
Is 51 a factor of 1326?
True
Is 75 a factor of 38700?
True
Is 780 a multiple of 13?
True
Does 11 divide 20456?
False
Is 32 a factor of 1302?
False
Does 2 divide 251?
False
Does 77 divide 693?
True
Does 20 divide 2372?
False
Is 26 a factor of 1604?
False
Is 26 a factor of 1719?
False
Does 13 divide 8463?
True
Is 17 a factor of 61472?
True
Is 14766 a multiple of 32?
False
Does 65 divide 6930?
False
Is 584 a multiple of 19?
False
Does 66 divide 38229?
False
Does 10 divide 10040?
True
Is 23452 a multiple of 82?
True
Is 15 a factor of 4453?
False
Is 2400 a multiple of 30?
True
Is 41 a factor of 615?
True
Does 74 divide 1056?
False
Is 1929 a multiple of 2?
False
Is 10 a factor of 214?
False
Does 3 divide 940?
False
Does 46 divide 736?
True
Is 1852 a multiple of 7?
False
Is 1814 a multiple of 6?
False
Is 12 a factor of 780?
True
Is 439 a multiple of 21?
False
Does 22 divide 8238?
False
Does 22 divide 1432?
False
Is 8982 a multiple of 12?
False
Does 9 divide 587?
False
Is 141 a multiple of 2?
False
Is 87 a factor of 1305?
True
Is 31776 a multiple of 23?
False
Is 12 a factor of 204?
True
Is 22 a factor of 909?
False
Is 14 a factor of 490?
True
Is 36 a factor of 199?
False
Is 414 a multiple of 3?
True
Does 90 divide 56700?
True
Is 210 a multiple of 15?
True
Is 3 a factor of 72?
True
Is 27 a factor of 23463?
True
Is 26 a factor of 808?
False
Is 4 a factor of 5024?
True
Does 12 divide 528?
True
Is 24165 a multiple of 18?
False
Is 16359 a multiple of 57?
True
Is 11 a factor of 322?
False
Is 21 a factor of 904?
False
Is 1157 a multiple of 32?
False
Does 25 divide 4350?
True
Is 124 a multiple of 13?
False
Is 26763 a multiple of 32?
False
Is 146 a multiple of 19?
False
Is 9237 a multiple of 77?
False
Is 172 a factor of 48319?
False
Does 40 divide 338?
False
Does 62 divide 44732?
False
Is 250 a multiple of 50?
True
Is 240 a multiple of 6?
True
Is 904 a multiple of 42?
False
Does 6 divide 208?
False
Is 104 a factor of 26624?
True
Is 802 a multiple of 13?
False
Is 26 a factor of 7305?
False
Is 8 a factor of 635?
False
Is 71 a factor of 819?
False
Is 1392 a multiple of 174?
True
Is 49 a factor of 302?
False
Is 13 a factor of 923?
True
Does 54 divide 3006?
False
Is 22644 a multiple of 51?
True
Is 69 a factor of 22908?
True
Is 57 a factor of 2708?
False
Does 12 divide 2844?
True
Is 21 a factor of 2039?
False
Does 14 divide 190?
False
Does 8 divide 30288?
True
Is 30 a factor of 5010?
True
Does 3 divide 892?
False
Is 44 a factor of 1101?
False
Is 368 a multiple of 6?
False
Is 6980 even?
True
Is 15 a factor of 840?
True
Does 13 divide 25843?
False
Is 107 a factor of 1560?
False
Does 13 divide 1313?
True
Does 96 divide 1344?
True
Is 42 a factor of 1396?
False
Does 11 divide 1401?
False
Is 13144 a multiple of 57?
False
Does 194 divide 20799?
False
Is 219 a multiple of 5?
False
Is 43 a multiple of 2?
False
Does 20 divide 53940?
True
Is 225 a multiple of 2?
False
Does 6 divide 1586?
False
Does 117 divide 5031?
True
Is 10 a factor of 12601?
False
Does 8 divide 10560?
True
Is 40 a factor of 20592?
False
Does 57 divide 10203?
True
Does 5 divide 65?
True
Is 340 a multiple of 10?
True
Is 40 a factor of 32113?
False
Does 38 divide 5472?
True
Is 7 a factor of 1542?
False
Is 1672 a multiple of 19?
True
Is 14 a factor of 674?
False
Does 8 divide 3280?
True
Is 438 a multiple of 46?
False
Is 23618 a multiple of 14?
True
Does 25 divide 775?
True
Does 2 divide 5778?
True
Is 11 a factor of 31154?
False
Is 28 a factor of 1400?
True
Is 325 a factor of 4802?
False
Is 6 a factor of 576?
True
Does 30 divide 4991?
False
Is 5 a factor of 5280?
True
Is 154 a factor of 15461?
False
Is 2 a factor of 715?
False
Is 1932 a multiple of 46?
True
Is 29433 a multiple of 215?
False
Does 14 divide 483?
False
Is 5 a factor of 25795?
True
Is 25 a factor of 17957?
False
Is 76188 a multiple of 145?
False
Is 5398 a multiple of 91?
False
Is 2760 a multiple of 5?
True
Is 1546 a multiple of 19?
False
Is 4666 a multiple of 81?
False
Does 26 divide 984?
False
Is 12 a factor of 888?
True
Does 5 divide 1255?
True
Does 7 divide 3038?
True
Is 3368 a multiple of 8?
True
Does 81 divide 243?
True
Does 15 divide 14835?
True
Does 32 divide 935?
False
Is 3968 a multiple of 31?
True
Is 11 a factor of 973?
False
Is 7535 a multiple of 43?
False
Is 11 a factor of 80?
False
Does 10 divide 419?
False
Is 1989 a multiple of 39?
True
Does 25 divide 11950?
True
Is 2150 a multiple of 4?
False
Does 8 divide 2361?
False
Is 57 a factor of 424?
False
Does 5 divide 3560?
True
Is 27 a factor of 8964?
True
Is 13 a factor of 169?
True
Is 4810 a multiple of 13?
True
Does 53 divide 25175?
True
Is 1456 a multiple of 25?
False
Is 12 a factor of 2688?
True
Is 3042 a multiple of 13?
True
Is 16 a factor of 2388?
False
Is 25 a factor of 17467?
False
Is 140 a factor of 2660?
True
Is 1329 a multiple of 3?
True
Does 172 divide 2752?
True
Is 804 a multiple of 12?
True
Does 28 divide 1484?
True
Is 206 a factor of 46357?
False
Does 14 divide 1882?
False
Is 6919 a multiple of 24?
False
Is 10635 a multiple of 25?
False
Is 3 a factor of 8023?
False
Is 5125 a multiple of 139?
False
Does 9 divide 252?
True
Does 52 divide 2860?
True
Is 10 a factor of 3102?
False
Is 7 a factor of 81?
False
Is 37 a multiple of 4?
False
Does 39 divide 3861?
True
Is 14 a factor of 154?
True
Is 2227 a multiple of 17?
True
Is 574 a multiple of 41?
True
Is 14 a factor of 68297?
False
Is 802 a multiple of 20?
False
Does 139 divide 4158?
False
Does 4 divide 640?
True
Does 4 divide 20?
True
Is 13 a factor of 247?
True
Does 63 divide 29870?
False
Is 8866 a multiple of 73?
False
Does 49 divide 2058?
True
Is 99 a factor of 14682?
False
Does 3 divide 68?
False
Is 3675 a multiple of 9?
False
Is 4 a factor of 287?
False
Does 62 divide 7671?
False
Does 45 divide 664?
False
Is 144 a multiple of 16?
True
Is 1482 a multiple of 39?
True
Is 26 a factor of 884?
True
Is 11 a factor of 13935?
False
Does 9 divide 4175?
False
Is 121 a factor of 242?
True
Is 26492 a multiple of 148?
True
Does 94 divide 3610?
False
Does 51 divide 2193?
True
Does 6 divide 2436?
True
Is 10745 a multiple of 35?
True
Is 860 a multiple of 43?
True
Is 13 a factor of 138?
False
Does 28 divide 3611?
False
Is 42 a factor of 26371?
False
Does 128 divide 14080?
True
Does 10 divide 390?
True
Does 65 divide 910?
True
Is 2 a factor of 109?
False
Is 6876 a multiple of 141?
False
Does 6 divide 741?
False
Is 3 a factor of 1140?
True
Is 382 a multiple of 28?
False
Is 55872 a multiple of 72?
True
Is 1068 a multiple of 12?
True
Is 512 a multiple of 16?
True
Is 479 a multiple of 25?
False
Is 2515 even?
False
Does 135 divide 6480?
True
Does 34 divide 3569?
False
Is 1996 a multiple of 15?
False
Does 2 divide 7451?
False
Is 41 a factor of 2583?
True
Does 13 divide 338?
True
Does 12 divide 672?
True
Is 350 a multiple of 7?
True
Is 11313 a multiple of 27?
True
Is 98 a factor of 7506?
False
Does 70 divide 739?
False
Is 1159 a multiple of 25?
False
Is 422 a multiple of 7?
False
Does 7 divide 847?
True
Is 338 a multiple of 97?
False
Does 9 divide 26550?
True
Is 20 a factor of 21180?
True
Is 224 a multiple of 16?
True
Is 39 a factor of 1669?
False
Is 3333 a multiple of 16?
False
Is 347 a multiple of 11?
False
Is 5035 a multiple of 3?
False
Is 795 a multip